7*n = 4*q - 2*n - 38. List the prime factors of q.
2, 3
Suppose -66 - 42 = -4*z - 3*s, z + 4*s = 14. Suppose d - z = -d. What are the prime factors of d?
3, 5
Let f(y) = 3 + 4*y - 5 + 1 + y**2 + 4. List the prime factors of f(-4).
3
Suppose 5*o = 15, -4*o + 6 = n - 9. Suppose -15 = -m - n. List the prime factors of m.
2, 3
Let h be 6*2/4 + 0. Suppose 0 = h*j, -2*v + 0*v = 3*j. Suppose v = -2*z + 4*z - 24. What are the prime factors of z?
2, 3
Let z be -13*((-1 - -1) + -1). Let w = z + -9. List the prime factors of (14/w)/((-4)/(-8)).
7
Suppose -3*n - 1 = 2*y - 23, 3*n = -3*y + 27. Suppose u - 45 = -2*q + 4*u, 0 = -n*q - u + 97. What are the prime factors of q?
2, 3
Suppose 0*k - k + 2*d + 13 = 0, -3*k + d + 19 = 0. What are the prime factors of k?
5
Suppose 9*r = 876 + 123. What are the prime factors of r?
3, 37
Suppose 178 = l + 4*q, 686 = 3*l + l + 3*q. List the prime factors of l.
2, 5, 17
Let t(m) = 2*m**2 - 12*m - 11. What are the prime factors of t(-6)?
7, 19
Suppose -7*g = 7*g - 896. List the prime factors of g.
2
Suppose 12*m - 90 = 7*m. What are the prime factors of m?
2, 3
Let n(q) = 5*q**3. Let d(m) = m + 4. Let s be d(-3). Let c be n(s). Suppose -c = -3*k + 49. What are the prime factors of k?
2, 3
Let f be -7 - -1 - (-3)/3. List the prime factors of 2/f + (-104)/(-10).
2, 5
Suppose 0 = -9*f + 372 - 75. List the prime factors of f.
3, 11
Let w(v) = -v + 1. Suppose 2*g - 5*g + 5*r - 23 = 0, 3*g + 15 = -3*r. Let s be w(g). What are the prime factors of (-1 + (1 - -1))*s?
7
Let g = 31 + -71. Let u = g - -65. Suppose c - 6*c = -u. What are the prime factors of c?
5
Let b(u) = -1 + u**3 + 0*u**2 - u**2 - 2 + 2. List the prime factors of b(2).
3
Suppose 22 + 12 = n. Let f = n + -24. List the prime factors of f.
2, 5
Let g(y) = -3*y**2 - 32*y - 18. Let x(z) = z**2 + 11*z + 6. Let w(c) = 3*g(c) + 8*x(c). Let u be w(-6). Suppose u*l - l = 15. List the prime factors of l.
3
What are the prime factors of 588/20 - (-6)/(-15)?
29
Let z = -12 + 5. Let h = z - -11. Suppose -3*p + 24 = 3*s - 3, 2*s - 36 = h*p. What are the prime factors of s?
2, 3
Let m = -62 + 110. List the prime factors of m.
2, 3
Let m(g) = 3*g - 5. Let o be m(-5). Let f = 33 + o. What are the prime factors of f?
13
What are the prime factors of (133/(-84) - (-3)/9)*-84?
3, 5, 7
Let r = 6 + 6. What are the prime factors of r?
2, 3
Let d(v) = v**2 - 3*v + 10. Let p(q) = -q**2 + 10*q - 1. Let i be p(9). List the prime factors of d(i).
2, 5
Let i = -20 + 44. Let f = 42 - i. List the prime factors of f.
2, 3
Suppose 0 = 35*f - 34*f - 221. List the prime factors of f.
13, 17
Let j(s) = s**3 + 1. Let r be j(1). Let n be (-4*r)/((-3)/(-9)). Let i = n - -34. List the prime factors of i.
2, 5
Suppose 0 = 4*y - 3*t - 2, -t + 5*t = -4*y + 16. Suppose 16 = 3*w + w. Suppose -w*z + y*z = -22. List the prime factors of z.
11
Let c(v) = v**2 - 6*v + 1. Let p be c(6). Let d = p + 23. List the prime factors of d.
2, 3
Let v(l) = l**3 - 5*l**2 + 3*l - 6. Suppose 0 = -0*s - 4*s + 20. Let c be v(s). Let m = c + -2. What are the prime factors of m?
7
Suppose -2*c + 4*c = 100. Let v(f) = f**3 + f**2. Let z be v(0). Suppose 4*g + z*g = -2*t + c, g - t - 8 = 0. List the prime factors of g.
11
Let a(y) = 3*y - 3. Let m be a(4). Let o be (-3)/(m/(-57)) - -3. Suppose -3*p + o + 44 = 0. List the prime factors of p.
2, 11
List the prime factors of (67/(-2) - -1)*(-104)/130.
2, 13
Let f be (-828)/30 - 4/10. Let x be (-216)/f - (-4)/14. Let z = x - 4. What are the prime factors of z?
2
Suppose 2*t - 2 = 0, -2*z + 4*t = -0*t - 18. What are the prime factors of z*1/(0 + 1)?
11
Let c(g) = -9*g. What are the prime factors of c(-3)?
3
Let p(w) = -w + 1. Let t(c) = 2*c - 19. Let z(q) = 4*p(q) + t(q). Let g be z(-10). Suppose 2*i = g - 1. What are the prime factors of i?
2
Let a(x) = x**3 + 15*x**2 - 11*x - 32. List the prime factors of a(-15).
7, 19
Suppose 2*g = g + 4, 3*g - 17 = 5*c. Let i(y) = 2*y**2 - 10*y - 2. Let v be i(5). What are the prime factors of (c/(-1) - v)*1?
3
Let g = 8 - 5. Suppose -4*x - g*o + 24 = -20, 5*o - 36 = -4*x. What are the prime factors of x?
2, 7
Suppose 3*h - 5 = 3*s + 118, -4*h = 3*s - 150. List the prime factors of h.
3, 13
Suppose -4*q - 4 = 2*p, -5*p + 2*p + q + 1 = 0. Suppose -4*h - b = -h - 14, -h - 5*b + 14 = p. What are the prime factors of h?
2
Let d(o) = 6*o + 5. List the prime factors of d(3).
23
Let p(l) = l**2 - 7*l + 5. Let b(v) = v + 4. Let z be b(3). What are the prime factors of p(z)?
5
Let f(a) = -a**2 + 18*a - 21. List the prime factors of f(14).
5, 7
Suppose -z - 3*o - 10 = 0, 0*z + 4*z + 2*o = 0. What are the prime factors of (-172)/(-6) - z/3?
2, 7
Suppose 0*d - 2*d = -8. Suppose 0 = -3*c - 2*p + 31, -p + 11 = -d*c + 34. List the prime factors of c.
7
Let s(u) = 6*u**2 + u - 1. Let t be s(2). Suppose -3*z = 2*p - 4*p + 3, 5*z = t. List the prime factors of p.
3
Let j = -111 - -224. List the prime factors of j.
113
Let h = -7 - 109. Let w be h/6 + (-4)/6. What are the prime factors of 54/5 - 4/w?
11
Let g = 507 + -101. List the prime factors of g.
2, 7, 29
Let h be (-6)/(2/1 + -3). Let z = h + -2. List the prime factors of z.
2
List the prime factors of 12/12*(-1 + 14).
13
Suppose 0 = -2*d + 5*d - 9. What are the prime factors of d?
3
Suppose -4*h - 10 = -3*h. What are the prime factors of 3/2 + h/(-4)?
2
Suppose -3*t + 2*k = 50, 3*t - 6*k = -2*k - 58. Let q be -4 + (2 - 0) - -30. Let s = t + q. What are the prime factors of s?
2, 7
Suppose 0 = -2*p - 2*p + 36. Suppose -2*d + 3*d = p. List the prime factors of d.
3
List the prime factors of -2 + 2 + (58 - 1).
3, 19
Let n(j) = -j**2 + 4*j + 5. Let t be n(5). Suppose 4*o + t*o - 80 = 0. What are the prime factors of o?
2, 5
Let v = 12 - 7. Let z = 4 - -2. Suppose -2*j + 5*i = -27, -v*i = z + 9. What are the prime factors of j?
2, 3
Let g be (2/(-2))/((-1)/4). Suppose -4*b - 10 = 2*h, 5*h - 1 = -g*b + 4. Let x(o) = -o + 5. What are the prime factors of x(b)?
2, 5
Let l(a) = a**3 - 11*a**2 + 10*a - 10. Let b = -9 - -19. Let g be l(b). Let u = -5 - g. List the prime factors of u.
5
Let a(b) = -2*b**2 - 5*b - 2. Let m be a(-3). List the prime factors of ((-18)/(-5))/((-2)/m).
3
What are the prime factors of (-9)/((-9)/88) - 4?
2, 3, 7
Suppose -3*z - 2*z - 13 = 3*l, l - 4*z = 7. Let j be -3 + 2 - (-14 + l). Suppose 5*h - 6 = -3*s + 2*h, 4*s + h - j = 0. List the prime factors of s.
2
Let z(a) = -2*a**3 + a**2 - 4*a - 3. Let f be z(-2). Let m = f + -12. What are the prime factors of m?
13
Let r = -92 - -203. What are the prime factors of r?
3, 37
Let o(v) be the third derivative of 2*v**2 + 1/3*v**3 + 0*v + 5/24*v**4 + 0. What are the prime factors of o(2)?
2, 3
Let w(h) = 5*h - 6. Let a(k) = -k + 1. Let y(t) = -4*a(t) - w(t). Let s = -16 + 10. List the prime factors of y(s).
2
List the prime factors of (-14)/3*(-1140)/266.
2, 5
Let a(v) = -2*v**3 - v**2 - v + 1. Let m = 2 + 2. Let z be m/(-1) + 12/6. What are the prime factors of a(z)?
3, 5
Let q = -27 - -123. What are the prime factors of q?
2, 3
Let x = 147 - -51. What are the prime factors of x?
2, 3, 11
Let t = 5 - 2. Suppose 8 = t*w - w. Suppose -w*f = -11 - 21. What are the prime factors of f?
2
Let b(y) = y - 28. Let v(x) = -9. Let f(p) = -2*b(p) + 7*v(p). What are the prime factors of f(-5)?
3
Let r = 351 - 236. List the prime factors of r.
5, 23
Let d(i) = i**3 - 5*i**2 + i - 6. Let k be d(5). Let n be 1 + -1 + k + 1. Suppose -3*h + 4*s + 18 = n, 4*h - 3*h + 2*s - 6 = 0. List the prime factors of h.
2, 3
Suppose -4*o - 190 = o. Let a = o - -74. List the prime factors of a.
2, 3
List the prime factors of ((-2)/6 + 0)/((-3)/297).
3, 11
Suppose 5*s - 7 = 23. Let q = 6 - s. Suppose 3*c - 27 = 3*i - 2*i, q = -5*c - 4*i + 62. What are the prime factors of c?
2, 5
Let j(o) = o**2 + 2*o - 1. List the prime factors of j(5).
2, 17
Let y(z) = z**2 + 11*z + 4. Let w be 18/(-1)*(-8)/(-12). List the prime factors of y(w).
2
Let u(k) = -k**3 + 4*k**2 - 2*k - 2. Let b be u(3). Let m = 3 - b. List the prime factors of m.
2
Suppose t = -0*t. List the prime factors of (22 + t)*(-5)/(-10).
11
Let c = -48 - -80. What are the prime factors of c?
2
Suppose -5*j + 5 = 0, -j + 4 = b - 5*j. List the prime factors of b.
2
Suppose 0 = -v + 7 - 3. Suppose -v*k + 2 + 62 = 0. What are th